
Calculate the highest common divisor of 6316058 and 679.
679
Calculate the highest common factor of 1024 and 3859712.
256
Calculate the greatest common factor of 7464 and 16.
8
Calculate the highest common factor of 654428 and 188.
188
What is the greatest common factor of 320 and 5301920?
160
What is the highest common factor of 624079 and 334?
167
What is the greatest common divisor of 1095 and 41829?
219
Calculate the highest common factor of 84087 and 18.
9
What is the greatest common factor of 60 and 588384?
12
Calculate the highest common factor of 3824 and 7409.
239
Calculate the highest common factor of 5070 and 8242.
26
What is the highest common factor of 68 and 33643?
17
Calculate the greatest common factor of 21846 and 330.
66
What is the highest common divisor of 97018 and 537?
179
What is the greatest common divisor of 211830 and 69?
69
Calculate the greatest common factor of 261 and 224025.
87
Calculate the greatest common divisor of 4725 and 1120.
35
Calculate the greatest common divisor of 5 and 190.
5
What is the greatest common factor of 123156 and 440?
44
Calculate the highest common divisor of 290 and 35090.
290
Calculate the greatest common divisor of 87850 and 14.
14
What is the highest common divisor of 4114 and 12881?
11
What is the greatest common divisor of 21 and 518574?
21
What is the greatest common divisor of 1752 and 24?
24
What is the greatest common factor of 937867 and 14?
7
What is the highest common factor of 74459 and 154?
77
Calculate the greatest common factor of 219035 and 20.
5
Calculate the greatest common factor of 162281 and 2716.
679
Calculate the highest common divisor of 2672 and 784.
16
What is the highest common divisor of 88 and 60082?
22
Calculate the greatest common factor of 12209 and 145.
29
Calculate the highest common factor of 10323666 and 444.
222
Calculate the greatest common divisor of 359771 and 17.
17
What is the highest common divisor of 40894 and 842772?
1778
Calculate the greatest common divisor of 141 and 6883761.
141
Calculate the highest common divisor of 78346 and 473.
43
Calculate the highest common factor of 10629 and 171.
9
What is the greatest common factor of 26 and 227903?
13
Calculate the highest common factor of 359532 and 864.
108
What is the highest common factor of 59 and 83131?
59
Calculate the highest common divisor of 977792 and 128.
128
Calculate the highest common factor of 270280 and 940.
20
What is the greatest common divisor of 11227 and 13081?
103
Calculate the highest common divisor of 66 and 89364.
66
What is the greatest common divisor of 235 and 145465?
235
What is the greatest common factor of 182146 and 16?
2
What is the highest common factor of 33101 and 632?
79
Calculate the highest common factor of 260 and 268970.
130
Calculate the greatest common factor of 70 and 1643985.
35
Calculate the greatest common factor of 8318 and 6.
2
What is the greatest common factor of 56 and 12061?
7
Calculate the greatest common divisor of 1579929 and 1989.
663
What is the highest common factor of 248998 and 414?
46
Calculate the highest common factor of 173862 and 3978.
234
Calculate the greatest common divisor of 52647 and 29463.
483
What is the greatest common divisor of 168 and 385896?
168
Calculate the highest common factor of 418176 and 121.
121
Calculate the greatest common divisor of 21364 and 1176.
196
Calculate the greatest common factor of 296 and 244792.
296
What is the highest common divisor of 73510 and 10?
10
Calculate the highest common divisor of 2915174 and 226.
226
What is the greatest common divisor of 6180 and 639115?
515
Calculate the highest common factor of 90 and 40482.
18
What is the highest common factor of 329 and 2099678?
329
What is the highest common factor of 2032 and 5461?
127
Calculate the greatest common factor of 1775 and 47825.
25
What is the highest common factor of 516 and 3414372?
516
Calculate the greatest common factor of 96 and 7142016.
96
Calculate the highest common factor of 179505 and 45.
45
What is the greatest common factor of 82170 and 5115?
165
What is the greatest common divisor of 23850 and 1378?
106
What is the greatest common factor of 774 and 10320?
258
Calculate the highest common divisor of 5070616 and 1272.
424
Calculate the greatest common divisor of 8000304 and 16.
16
Calculate the greatest common divisor of 1066 and 204344.
82
What is the highest common factor of 3424467 and 141?
141
What is the highest common divisor of 49 and 16352?
7
Calculate the highest common divisor of 300972 and 84.
84
Calculate the greatest common divisor of 692887 and 13.
13
Calculate the highest common divisor of 3528 and 145628.
196
What is the highest common factor of 10197 and 11124?
927
What is the greatest common factor of 40744 and 99?
11
What is the highest common divisor of 280 and 64960?
280
Calculate the highest common factor of 27 and 83889.
27
What is the highest common factor of 1730 and 20?
10
What is the highest common divisor of 57129 and 10425?
417
Calculate the greatest common divisor of 55352 and 11.
11
What is the greatest common factor of 10 and 716?
2
Calculate the greatest common divisor of 1210 and 15.
5
Calculate the highest common factor of 4732710 and 690.
690
What is the highest common factor of 65 and 13078?
13
Calculate the greatest common factor of 6300 and 149850.
450
What is the highest common divisor of 261129 and 164?
41
What is the highest common divisor of 10855 and 1105?
65
Calculate the greatest common divisor of 23729 and 976.
61
Calculate the greatest common divisor of 444 and 1354348.
148
What is the highest common divisor of 2560 and 440?
40
Calculate the highest common factor of 483 and 1313277.
483
Calculate the greatest common factor of 338190 and 210.
30
What is the highest common divisor of 2035983 and 13110?
1311
Calculate the highest common divisor of 1605 and 3240.
15
Calculate the greatest common factor of 26800 and 384.
16
Calculate the greatest common divisor of 7784 and 161.
7
What is the highest common factor of 435 and 30?
15
Calculate the greatest common factor of 321 and 2234481.
321
Calculate the greatest common divisor of 301476 and 1008.
84
What is the highest common factor of 15070 and 1540?
110
Calculate the greatest common factor of 536736 and 96.
96
Calculate the highest common divisor of 1392436 and 68.
68
Calculate the highest common divisor of 29 and 1024.
1
What is the greatest common divisor of 600 and 968?
8
Calculate the greatest common divisor of 82280 and 42636.
748
What is the highest common divisor of 56 and 18074?
14
What is the highest common factor of 1494 and 378?
18
What is the highest common divisor of 6552 and 280189?
91
Calculate the highest common divisor of 2696855 and 29.
29
What is the highest common divisor of 37 and 19748639?
37
Calculate the greatest common divisor of 1606 and 2993.
73
What is the highest common divisor of 5985 and 4185?
45
Calculate the greatest common factor of 10817 and 5968.
373
Calculate the greatest common factor of 47286 and 342.
18
What is the greatest common factor of 1995 and 3675?
105
What is the greatest common factor of 5191 and 493?
29
What is the highest common divisor of 180 and 12660?
60
What is the highest common factor of 612395 and 1295?
35
What is the greatest common divisor of 21112 and 2233?
203
Calculate the greatest common divisor of 62335 and 229749.
1781
Calculate the highest common divisor of 17330 and 20.
10
Calculate the greatest common divisor of 8065 and 20.
5
Calculate the highest common divisor of 20845 and 935.
55
What is the greatest common divisor of 15984 and 19869?
111
Calculate the highest common divisor of 111042 and 576.
18
What is the greatest common factor of 185502 and 138?
6
Calculate the highest common factor of 477 and 6228.
9
What is the greatest common factor of 55716 and 204?
12
Calculate the greatest common divisor of 126351 and 3434.
101
Calculate the greatest common divisor of 6656 and 3744.
416
What is the greatest common factor of 184864 and 15264?
1696
Calculate the highest common divisor of 8649 and 15.
3
What is the highest common divisor of 426 and 77390?
142
Calculate the greatest common factor of 199 and 144673.
199
Calculate the greatest common diviso